 (2 - -2) + 0. What is the remainder when (152/(-32))/(1/(-24)) is divided by 8 + 21 + j/1?
27
Let g(h) = -32*h**2 + 358*h + 71. What is the remainder when 234 is divided by g(11)?
97
Suppose 388*g = -88*g + 416024. What is the remainder when g is divided by 178?
162
Let x be 4/(7 - 3)*10. Let z(r) = r**2 - 9*r + 6. Let t = -139 + 185. What is the remainder when t is divided by z(x)?
14
Suppose 21*n - 22*n + 2*d = -12, 5*n = 3*d + 53. Let c = -287 + 156. Let t = -94 - c. Calculate the remainder when t is divided by n.
7
Suppose -19*l = 84 + 106. What is the remainder when 67*(l + 4)/(-3) is divided by 27?
26
Let r be (-7)/2*(-8 + 500/70). Suppose r*f = -t - t + 49, -2*f - 5*t + 29 = 0. Calculate the remainder when 31 is divided by f.
14
Suppose 0 = -5*x - 0*n - n + 530, 0 = 4*x - 2*n - 438. Let b = x - 86. What is the remainder when 58 is divided by b?
16
Let j(t) = t**3 - t**2 - 9*t - 10. Let v = -1 - 59. Calculate the remainder when j(5) is divided by v/90 + 4*26/12.
5
Let s = -324 - -466. What is the remainder when s is divided by (72/15)/((16/20)/(336/126))?
14
Let y = 14875 - 14665. Calculate the remainder when y is divided by 77.
56
Let a(r) = r**3 - r + 58. Suppose 344*y - 1854 = 340*y - 2*g, y + 5*g = 486. Calculate the remainder when y is divided by a(0).
55
Let g(i) = 39*i - 1423. What is the remainder when 431 is divided by g(37)?
11
Suppose -2*u = 2*u - 4, 3*u + 933 = 4*w. Calculate the remainder when w is divided by 74.
12
Let p(h) = 30*h**3 + 519*h**2 + 6*h - 24. Calculate the remainder when p(-17) is divided by 13.
5
Let i be 1/7 - (-1572)/(-140)*5. Let l = -42 - i. What is the remainder when 544 is divided by l?
12
Let v = -106 - -106. Suppose v = -o + x + 19, -2*o + 6 = 3*x - 7. Calculate the remainder when 3*123*6/27 is divided by o.
12
Let t(x) = -4*x - 63. Let j be t(-16). Let p(i) = 30*i - 10. Calculate the remainder when 39 is divided by p(j).
19
Let h = 35 - 29. Let p = h + 83. Calculate the remainder when p is divided by 25.
14
Suppose -318 = -4*m - n, 2*n - 4*n + 4 = 0. Calculate the remainder when m is divided by 36/(-48)*(-16)/6 - (-15 + -3).
19
Suppose 5*t + 2*n - 3*n - 29 = 0, -5*n = 4*t. Suppose 5*p + 174 - 1009 = -t*a, 4*a = 4*p - 676. Calculate the remainder when p is divided by 39.
12
Suppose -3*n - 27 = 3*k, 7*k + n + 13 + 56 = 0. Let t(b) = -6*b**2 - 70*b - 19. What is the remainder when 643 is divided by t(k)?
76
Let f = 91 - 170. Let q = -46 - f. Calculate the remainder when q is divided by 12.
9
Suppose 0 = 3*g + 3*z - 51, 3*g = -5*z - 20 + 71. What is the remainder when 2021 is divided by g?
15
Let d = -147 - -148. Calculate the remainder when 2 is divided by (d/(-2)*1)/((-4)/8).
0
Let h be 10*(-8 - (-282)/30). Suppose 10*z = -4*m + h*z + 60, -3*z + 74 = 4*m. Calculate the remainder when 148 is divided by m.
12
Suppose -3096 = 74*t - 79*t - q, -9*q - 3136 = -5*t. What is the remainder when t is divided by 246?
128
Suppose -1419 = -10*i - 479. Let q = 302 - i. Suppose -q = 11*m - 15*m. What is the remainder when m is divided by 9?
7
Let v be -8 - -11 - 1*18. Let p(d) = 8*d + 210. What is the remainder when 358 is divided by p(v)?
88
Suppose 41*v - 3614 - 19346 = 0. Calculate the remainder when 403 is divided by (-120)/2*(-32)/v*7.
19
Suppose 4509 + 7731 = 60*c. What is the remainder when c is divided by 37?
19
Suppose 5*c + 10 = 15*z - 13*z, 5*z - 5*c - 10 = 0. Suppose 9*k + z*k - 225 = 0. Let l = 84 - 39. What is the remainder when l is divided by k?
20
Suppose -8*q + 52 = 36. Calculate the remainder when 98 is divided by q.
0
Suppose -2*b + 1 + 9 = 0. Suppose 2*t - 4*t + 136 = -n, 0 = -5*t - b*n + 370. Calculate the remainder when t is divided by (9/4)/((-105)/(-1400)) - 5.
20
Let q(l) = -3*l**3 - 58*l**2 + 3*l - 28. Calculate the remainder when q(-20) is divided by 51.
49
Let x = -167 - -293. What is the remainder when 175 is divided by x?
49
Let q(o) = 4*o**2 - 2*o + 2. Let l be (-6975)/(-60) + 2/(-8). Suppose l*w - 175 = 109*w. What is the remainder when q(-4) is divided by w?
24
Suppose -764 - 2640 = -23*x. Suppose -4*h - 2*j + 99 + 25 = 0, -4*h + 4*j = -112. What is the remainder when x is divided by h?
28
Suppose -5 = 10*g - 15. Let z be 406 + (0 - (-2 + g)) + 3. Suppose 8*r + 2*r = z. What is the remainder when r is divided by 21?
20
Let s(u) = u**3 - 2*u**2 + 101*u - 296. What is the remainder when s(3) is divided by (-1 + 3)/(0 + 1)?
0
Suppose -2*o = -0*o - 8. Let q(t) = t**3 - 4*t - 3 - o*t**2 - 17 - 5*t + 4*t. What is the remainder when 62 is divided by q(6)?
18
Let d = 74 - 71. Suppose 4*s - 11 = d*s. Suppose 126 = -y + 5*y + 5*i, -4*i + 66 = 2*y. Calculate the remainder when y is divided by s.
7
Suppose -3*v - 11*g = -12*g - 39, 0 = -4*g. Suppose 24 = 3*j - 0*j + 4*s, -j = -5*s + 11. Suppose j*c = -c + 310. What is the remainder when c is divided by v?
10
Suppose -35*j + 2*s = -36*j + 535, 0 = -2*j - s + 1088. Calculate the remainder when 1646 is divided by j.
5
Let u be 7 - 2 - 7 - -4. Suppose 0 = -3*o - u*c + 110, -2*o - 3*c + 51 + 29 = 0. What is the remainder when 77 is divided by o?
9
Let p(z) = 43*z + 60. Let g be p(-6). What is the remainder when 74 is divided by (-2)/12 + (-2607)/g?
9
Let y = -18151 + 18393. What is the remainder when 501 is divided by y?
17
Let d be -1*-2*12/8. What is the remainder when d - -26 - (0 + -3)*-1 is divided by 2?
0
Let k = -4328 - -4443. Let d(b) be the third derivative of -b**6/120 - 3*b**5/20 - b**4/6 - 7*b**3/6 - 2*b**2. What is the remainder when k is divided by d(-9)?
28
Let m = -99 + 106. Suppose -m*c + 392 = c. Calculate the remainder when c is divided by 13.
10
Let x(m) = 16*m + 51. Calculate the remainder when 914 is divided by x(2).
1
Let r(s) = -17*s**3 - 2*s**2 - 10*s - 68. Let k be r(-5). Suppose -k = -72*h + 61*h. Calculate the remainder when h is divided by 38.
35
Suppose -3*c - 99 + 108 = 0, 2*b - 70 = 2*c. Calculate the remainder when 2200 is divided by b.
34
Suppose 18*o - 38*o + 820 = 0. Suppose m + o = -u + 134, m - 2 = 0. Calculate the remainder when u is divided by 22.
3
What is the remainder when 187 is divided by (21 - 13)/(-5*(-4)/310)?
63
Let z(b) = -b**2 - 8*b - 3. Let h(d) = 57*d - 65 + 10 - 60*d - 18. Let w be h(-22). What is the remainder when 26 is divided by z(w)?
2
Let m(u) = -33*u + 97. Let f be m(-11). Suppose -9*s = -206 - f. What is the remainder when s is divided by 38?
36
Let a(l) = l**2 - 27*l + 164. Let c be a(9). Suppose 2*h - 3 = 11. Suppose h*b = c*b + 115. What is the remainder when b is divided by 8?
7
Let o be 124/(-12) + 1/3. Calculate the remainder when (-4)/o + 1599/15 is divided by (-2 + -14 + 18)/((1/(-9))/(-1)).
17
Suppose 0*c - 3*c + 4*c = 0. Suppose 14*z - 10 - 4 = c. Suppose 0 = -5*b - 3*h + 147, 93 = 3*b - 4*h - z. What is the remainder when 55 is divided by b?
25
Suppose 0 = 18*i - 4174 - 1676. Calculate the remainder when i is divided by 87.
64
Let y(n) = n**3 - 15*n**2 + 21*n - 38. Calculate the remainder when 557 is divided by y(15).
3
Let k(l) = 4*l - 10. Let a be k(2). Calculate the remainder when 92 is divided by a + (1/1*3 - -15).
12
Suppose -2*n = n - 5*i + 98, 0 = 5*n - 5*i + 170. Let h(w) = 3*w + 21. Let v be h(14). Let d = v + n. Calculate the remainder when 105 is divided by d.
24
Let z = 21 - -1. Let x = 8 + z. Suppose 2*o = b - x, -4*b = -9*b - 4*o + 122. What is the remainder when b is divided by 6?
2
Let z(k) = 2*k**3 + 8*k**2 + 68*k - 238. What is the remainder when z(4) is divided by 117?
56
Let j(u) = u**2 - 11*u + 5588. Calculate the remainder when j(0) is divided by 215.
213
What is the remainder when 3/((-54)/(-4))*(-23265)/(-110) is divided by 38?
9
Let l(w) = -10*w + 37. Let q be l(-4). Calculate the remainder when 117 is divided by (q - -3)*(-7)/(-14).
37
Let h(a) = -a**3 - 2*a**2 + 3*a - 5. Let d(z) = -3*z - 13. Let m be d(-3). Let o be h(m). Let c = o - -10. Calculate the remainder when c is divided by 7.
4
Suppose 24*n + 22*n = -31*n + 1463. What is the remainder when 166 is divided by n?
14
Let h = 91 - 109. Let m = h - -84. Calculate the remainder when 459 is divided by m.
63
Let f = -16 - -55. Suppose -5*p + 2266 = 2*w, -2245 = -5*p + 4*w + w. Suppose 0*y - p = -4*y. What is the remainder when y is divided by f?
35
Suppose -104*j + 6912 = -7238 - 11226. Calcula